795?
3, 5, 137, 30469
What are the prime factors of 287945579?
23, 1213, 10321
List the prime factors of 20695101.
3, 7, 23, 6121
List the prime factors of 49790861.
43, 227, 5101
What are the prime factors of 8878187?
19, 37, 73, 173
List the prime factors of 2636327858.
2, 293, 4498853
List the prime factors of 1286588850.
2, 3, 5, 8577259
List the prime factors of 67282395.
3, 5, 197, 22769
List the prime factors of 197391587.
47, 89, 47189
List the prime factors of 8173158803.
2441, 3348283
List the prime factors of 5178444.
2, 3, 439, 983
What are the prime factors of 23396537?
31, 113, 6679
List the prime factors of 45295309.
31, 1461139
What are the prime factors of 1091755426?
2, 571, 956003
What are the prime factors of 583707735?
3, 5, 13, 349, 953
List the prime factors of 412878239.
412878239
List the prime factors of 3121229277.
3, 257, 311, 4339
What are the prime factors of 131052118?
2, 3049, 21491
List the prime factors of 7726529645.
5, 19, 223, 364717
What are the prime factors of 55558210?
2, 5, 17, 71, 4603
What are the prime factors of 3602194170?
2, 3, 5, 120073139
List the prime factors of 512790887.
7, 73255841
What are the prime factors of 1614451147?
19, 84971113
What are the prime factors of 2518654174?
2, 19, 1103, 60091
List the prime factors of 51622642.
2, 17, 1518313
List the prime factors of 57024982.
2, 7, 149, 27337
List the prime factors of 529146435.
3, 5, 37, 53, 17989
What are the prime factors of 306123924?
2, 3, 1109, 23003
What are the prime factors of 204184137?
3, 271, 251149
List the prime factors of 399426539.
47, 8498437
List the prime factors of 129235644.
2, 3, 19, 188941
What are the prime factors of 145619506?
2, 503, 144751
What are the prime factors of 1469199?
3, 489733
List the prime factors of 366781969.
127, 271, 10657
What are the prime factors of 174833443?
174833443
List the prime factors of 522889471.
13, 5581, 7207
List the prime factors of 422532059.
17, 29, 53, 103, 157
List the prime factors of 1676099096.
2, 7, 181, 23623
What are the prime factors of 106183180?
2, 5, 23, 230833
List the prime factors of 12519908.
2, 31, 3257
What are the prime factors of 69652762?
2, 701, 49681
What are the prime factors of 1980382053?
3, 13, 599, 6521
What are the prime factors of 6206102761?
5333, 1163717
List the prime factors of 72279859.
3583, 20173
What are the prime factors of 57714110?
2, 5, 5771411
List the prime factors of 692731264.
2, 641, 8443
What are the prime factors of 875872533?
3, 291957511
List the prime factors of 322419525.
3, 5, 4298927
List the prime factors of 1519989180.
2, 3, 5, 29, 683, 1279
What are the prime factors of 188379037?
7, 11, 2446481
List the prime factors of 175175639.
175175639
What are the prime factors of 32056368?
2, 3, 29, 23029
What are the prime factors of 851713121?
7, 191, 283, 2251
List the prime factors of 412108696.
2, 17, 1373, 2207
List the prime factors of 306253780.
2, 5, 7, 19, 115133
What are the prime factors of 6423158?
2, 7, 458797
List the prime factors of 939522434.
2, 469761217
List the prime factors of 341410345.
5, 109, 181, 3461
What are the prime factors of 540750363?
3, 180250121
What are the prime factors of 94176034?
2, 47088017
What are the prime factors of 112396132?
2, 28099033
What are the prime factors of 742022567?
11, 13, 5188969
What are the prime factors of 607626392?
2, 1433, 53003
List the prime factors of 615672237.
3, 43, 4772653
What are the prime factors of 2190979551?
3, 29, 337, 74729
List the prime factors of 61828049.
389, 158941
What are the prime factors of 7472545?
5, 1494509
What are the prime factors of 225997098?
2, 3, 277, 135979
What are the prime factors of 102251309?
102251309
List the prime factors of 11980607.
11980607
What are the prime factors of 569336796?
2, 3, 7, 753091
What are the prime factors of 48752736?
2, 3, 17, 29873
List the prime factors of 172381520.
2, 5, 37, 58237
What are the prime factors of 1926548721?
3, 307, 697267
List the prime factors of 2282509519.
18521, 123239
What are the prime factors of 316766957?
13, 24366689
What are the prime factors of 42635617?
271, 157327
What are the prime factors of 3691696?
2, 179, 1289
What are the prime factors of 411696294?
2, 3, 19, 599, 6029
List the prime factors of 175275750.
2, 3, 5, 13, 17977
List the prime factors of 44355880.
2, 5, 19, 58363
What are the prime factors of 32180265?
3, 5, 13, 55009
What are the prime factors of 1524735754?
2, 3217, 236981
List the prime factors of 111336845.
5, 101, 220469
What are the prime factors of 381068688?
2, 3, 7, 11, 13, 103
What are the prime factors of 17769872?
2, 1110617
What are the prime factors of 3537427682?
2, 653, 2708597
List the prime factors of 13600742.
2, 1877, 3623
What are the prime factors of 480539006?
2, 149, 157, 10271
What are the prime factors of 1249227524?
2, 17, 41, 448073
What are the prime factors of 72298066?
2, 1933, 18701
What are the prime factors of 39097118?
2, 227, 86117
What are the prime factors of 323792721?
3, 7, 373, 1531
List the prime factors of 42707548.
2, 13, 97, 8467
List the prime factors of 184652117.
13, 103, 239, 577
What are the prime factors of 163534617?
3, 113, 401
List the prime factors of 112933690.
2, 5, 1567, 7207
List the prime factors of 85322265.
3, 5, 7, 131, 6203
List the prime factors of 3391672732.
2, 7, 107, 1132067
List the prime factors of 1997294194.
2, 7, 23, 349, 2539
List the prime factors of 2069209355.
5, 59, 7014269
List the prime factors of 92635641.
3, 7, 1470407
List the prime factors of 1707285901.
107, 1319, 12097
List the prime factors of 1266346.
2, 293, 2161
List the prime factors of 692394924.
2, 3, 13, 97, 45757
What are the prime factors of 5424754391?
7, 19, 97, 569, 739
List the prime factors of 187613708.
2, 46903427
What are the prime factors of 504479568?
2, 3, 10509991
List the prime factors of 419392836.
2, 3, 151, 25717
What are the prime factors of 131041557?
3, 23, 31, 2269
What are the prime factors of 3794862014?
2, 8627, 219941
What are the prime factors of 132403434?
2, 3, 53, 59, 7057
List the prime factors of 2131082618.
2, 7, 23, 53, 17839
List the prime factors of 101134066.
2, 11, 4597003
What are the prime factors of 44563906?
2, 997, 22349
What are the prime factors of 84413745?
3, 5, 13, 16033
List the prime factors of 59417460.
2, 3, 5, 330097
What are the prime factors of 2774878347?
3, 1499, 617051
List the prime factors of 125474386.
2, 62737193
What are the prime factors of 62586082?
2, 13, 23, 104659
List the prime factors of 278974037.
97, 2876021
What are the prime factors of 3146372?
2, 113, 6961
What are the prime factors of 16762332?
2, 3, 19, 37, 1987
What are the prime factors of 81766632?
2, 3, 3406943
What are the prime factors of 2769079?
17, 19, 8573
List the prime factors of 947978345.
5, 189595669
List the prime factors of 3015112936.
2, 11, 34262647
List the prime factors of 185504659.
211, 879169
What are the prime factors of 2027109847?
7, 3361, 86161
What are the prime factors of 1861138404?
2, 3, 17232763
List the prime factors of 202942032.
2, 3, 4227959
List the prime factors of 4258324669.
19, 491, 456461
List the prime factors of 3026371843.
11, 67, 107, 38377
List the prime factors of 589417394.
2, 41, 7188017
What are the prime factors of 157464286?
2, 7, 19, 367, 1613
List the prime factors of 132323406.
2, 3, 613, 35977
What are the prime factors of 63431869?
941, 67409
List the prime factors of 23478694.
2, 11739347
List the prime factors of 342176606.
2, 171088303
List the prime factors of 628424845.
5, 125684969
List the prime factors of 151080656.
2, 2539, 3719
List the prime factors of 508380892.
2, 127095223
What are the prime factors of 70490679?
3, 7, 3356699
List the prime factors of 73511078.
2, 761, 48299
List the prime factors of 308714240.
2, 5, 241183
List the prime factors of 4981462959.
3, 11, 19, 113, 70309
What are the prime factors of 43060554?
2, 3, 23, 47, 2213
What are the prime factors of 1750901719?
7, 2143, 116719
List the prime factors of 171820402.
2, 13, 139, 47543
List the prime factors of 81237037.
7, 827, 14033
What are the prime factors of 43873218?
2, 3, 812467
What are the prime factors of 487739213?
13, 31,